{"id":130,"date":"2024-03-07T18:38:41","date_gmt":"2024-03-07T18:38:41","guid":{"rendered":"https:\/\/moeseneder-lena.web.kslinz.at\/eigene_website\/?page_id=130"},"modified":"2024-04-19T17:51:05","modified_gmt":"2024-04-19T17:51:05","slug":"bilder-von-freunden","status":"publish","type":"page","link":"https:\/\/moeseneder-lena.web.kslinz.at\/eigene_website\/index.php\/bilder-von-freunden\/","title":{"rendered":"Meine Freunde &lt;3"},"content":{"rendered":"\n<div class=\"wp-block-uagb-container uagb-block-f6b1b9e0 alignfull uagb-is-root-container\"><div class=\"uagb-container-inner-blocks-wrap\">\n<div class=\"wp-block-uagb-container uagb-block-ad62fe9d\">\n<figure class=\"wp-block-image aligncenter size-large is-resized has-custom-border animated fadeInLeft is-style-default imgCenter fast\"><img loading=\"lazy\" decoding=\"async\" width=\"768\" height=\"1024\" src=\"https:\/\/moeseneder-lena.web.kslinz.at\/eigene_website\/wp-content\/uploads\/2024\/03\/20231115_100504-768x1024.jpg\" alt=\"\" class=\"wp-image-135\" style=\"border-style:none;border-width:0px;border-radius:0px;aspect-ratio:1;object-fit:cover;width:364px;height:auto\" srcset=\"https:\/\/moeseneder-lena.web.kslinz.at\/eigene_website\/wp-content\/uploads\/2024\/03\/20231115_100504-768x1024.jpg 768w, https:\/\/moeseneder-lena.web.kslinz.at\/eigene_website\/wp-content\/uploads\/2024\/03\/20231115_100504-225x300.jpg 225w, https:\/\/moeseneder-lena.web.kslinz.at\/eigene_website\/wp-content\/uploads\/2024\/03\/20231115_100504-1152x1536.jpg 1152w, https:\/\/moeseneder-lena.web.kslinz.at\/eigene_website\/wp-content\/uploads\/2024\/03\/20231115_100504-1536x2048.jpg 1536w, https:\/\/moeseneder-lena.web.kslinz.at\/eigene_website\/wp-content\/uploads\/2024\/03\/20231115_100504-scaled.jpg 1920w\" sizes=\"auto, (max-width: 768px) 100vw, 768px\" \/><\/figure>\n<\/div>\n\n\n\n<div class=\"wp-block-uagb-container animated fadeInRight uagb-block-54f60874\">\n<div class=\"wp-block-uagb-advanced-heading uagb-block-ee39ca30\"><h2 class=\"uagb-heading-text\">Valentina Scalet<\/h2><\/div>\n\n\n\n<p>Kennengelernt in der Mittelschule und Freunde geworden durch unser erneutes Zusammenfinden in der HLW. Gemeinsam gehen wir durch Dick und D\u00fcnn, durch Trauer und Freude und durch gute Zeiten und schlechte Zeiten. Trotz allem, motiviert Sie einen immer und immer wieder und die Freude mit ihr ist grenzenlos.<\/p>\n<\/div>\n<\/div><\/div>\n\n\n\n<div class=\"wp-block-uagb-container uagb-block-a5930e4c alignfull uagb-is-root-container\"><div class=\"uagb-container-inner-blocks-wrap\">\n<div class=\"wp-block-uagb-container uagb-block-ba517e5a\">\n<figure class=\"wp-block-image aligncenter size-large is-resized has-custom-border animated fadeInLeft is-style-default imgCenter fast\"><img loading=\"lazy\" decoding=\"async\" width=\"768\" height=\"1024\" src=\"https:\/\/moeseneder-lena.web.kslinz.at\/eigene_website\/wp-content\/uploads\/2024\/03\/20231119_101832-768x1024.jpg\" alt=\"\" class=\"wp-image-136\" style=\"border-style:none;border-width:0px;border-radius:0px;aspect-ratio:1;object-fit:cover;width:364px;height:auto\" srcset=\"https:\/\/moeseneder-lena.web.kslinz.at\/eigene_website\/wp-content\/uploads\/2024\/03\/20231119_101832-768x1024.jpg 768w, https:\/\/moeseneder-lena.web.kslinz.at\/eigene_website\/wp-content\/uploads\/2024\/03\/20231119_101832-225x300.jpg 225w, https:\/\/moeseneder-lena.web.kslinz.at\/eigene_website\/wp-content\/uploads\/2024\/03\/20231119_101832-1152x1536.jpg 1152w, https:\/\/moeseneder-lena.web.kslinz.at\/eigene_website\/wp-content\/uploads\/2024\/03\/20231119_101832-1536x2048.jpg 1536w, https:\/\/moeseneder-lena.web.kslinz.at\/eigene_website\/wp-content\/uploads\/2024\/03\/20231119_101832-scaled.jpg 1920w\" sizes=\"auto, (max-width: 768px) 100vw, 768px\" \/><\/figure>\n<\/div>\n\n\n\n<div class=\"wp-block-uagb-container animated fadeInRight uagb-block-2279863e\">\n<div class=\"wp-block-uagb-advanced-heading uagb-block-2a6391ed\"><h2 class=\"uagb-heading-text\">Emma Zimprich<\/h2><\/div>\n\n\n\n<p>Anfang des Schuljahres hatten wir schon so eine Verbindung, die uns sagte wir haben was gemeinsam und je l\u00e4nger wir uns kannten, desto mehr fanden wir heraus. Wir fanden heraus, dass wir sogar in der gleichen Stadt leben und auch verdammt viele Interessen gemeinsam haben. All in all we love you girly &lt;3<\/p>\n<\/div>\n<\/div><\/div>\n\n\n\n<div class=\"wp-block-uagb-container uagb-block-27f743eb alignfull uagb-is-root-container\"><div class=\"uagb-container-inner-blocks-wrap\">\n<div class=\"wp-block-uagb-container uagb-block-8b8c1dc2\">\n<figure class=\"wp-block-image aligncenter size-large is-resized has-custom-border animated fadeInLeft is-style-default imgCenter fast\"><img loading=\"lazy\" decoding=\"async\" width=\"768\" height=\"1024\" src=\"https:\/\/moeseneder-lena.web.kslinz.at\/eigene_website\/wp-content\/uploads\/2024\/03\/20240220_163722-768x1024.jpg\" alt=\"\" class=\"wp-image-147\" style=\"border-style:none;border-width:0px;border-radius:0px;aspect-ratio:1;object-fit:cover;width:364px;height:auto\" srcset=\"https:\/\/moeseneder-lena.web.kslinz.at\/eigene_website\/wp-content\/uploads\/2024\/03\/20240220_163722-768x1024.jpg 768w, https:\/\/moeseneder-lena.web.kslinz.at\/eigene_website\/wp-content\/uploads\/2024\/03\/20240220_163722-225x300.jpg 225w, https:\/\/moeseneder-lena.web.kslinz.at\/eigene_website\/wp-content\/uploads\/2024\/03\/20240220_163722-1152x1536.jpg 1152w, https:\/\/moeseneder-lena.web.kslinz.at\/eigene_website\/wp-content\/uploads\/2024\/03\/20240220_163722-1536x2048.jpg 1536w, https:\/\/moeseneder-lena.web.kslinz.at\/eigene_website\/wp-content\/uploads\/2024\/03\/20240220_163722-scaled.jpg 1920w\" sizes=\"auto, (max-width: 768px) 100vw, 768px\" \/><\/figure>\n<\/div>\n\n\n\n<div class=\"wp-block-uagb-container animated fadeInRight uagb-block-891fd941\">\n<div class=\"wp-block-uagb-advanced-heading uagb-block-d04fbe9d\"><h2 class=\"uagb-heading-text\">Anika Jetzinger<\/h2><\/div>\n\n\n\n<p>Wir lernten uns erst sp\u00e4ter St\u00fcck f\u00fcr St\u00fcck besser kennen, vor allem bei den ersten paar Schulausfl\u00fcgen und \u00dcbernachtungen. Am Anfang denkt man nicht viel \u00fcber ihre Aktionen, doch als ich sie besser kennen lernen konnte durfte ich Erfahrung damit machen, wie lustig und lieb sie eigentlich ist.<\/p>\n<\/div>\n<\/div><\/div>\n\n\n\n<div class=\"wp-block-uagb-container uagb-block-13bdabb5 alignfull uagb-is-root-container\"><div class=\"uagb-container-inner-blocks-wrap\">\n<div class=\"wp-block-uagb-container uagb-block-b51bbc22\">\n<figure class=\"wp-block-image aligncenter size-large is-resized has-custom-border animated fadeInLeft is-style-default imgCenter fast\"><img loading=\"lazy\" decoding=\"async\" width=\"768\" height=\"1024\" src=\"https:\/\/moeseneder-lena.web.kslinz.at\/eigene_website\/wp-content\/uploads\/2024\/03\/20230919_114018-768x1024.jpg\" alt=\"\" class=\"wp-image-132\" style=\"border-style:none;border-width:0px;border-radius:0px;aspect-ratio:1;object-fit:cover;width:364px;height:auto\" srcset=\"https:\/\/moeseneder-lena.web.kslinz.at\/eigene_website\/wp-content\/uploads\/2024\/03\/20230919_114018-768x1024.jpg 768w, https:\/\/moeseneder-lena.web.kslinz.at\/eigene_website\/wp-content\/uploads\/2024\/03\/20230919_114018-225x300.jpg 225w, https:\/\/moeseneder-lena.web.kslinz.at\/eigene_website\/wp-content\/uploads\/2024\/03\/20230919_114018-1152x1536.jpg 1152w, https:\/\/moeseneder-lena.web.kslinz.at\/eigene_website\/wp-content\/uploads\/2024\/03\/20230919_114018-1536x2048.jpg 1536w, https:\/\/moeseneder-lena.web.kslinz.at\/eigene_website\/wp-content\/uploads\/2024\/03\/20230919_114018-scaled.jpg 1920w\" sizes=\"auto, (max-width: 768px) 100vw, 768px\" \/><\/figure>\n<\/div>\n\n\n\n<div class=\"wp-block-uagb-container animated fadeInRight uagb-block-08739098\">\n<div class=\"wp-block-uagb-advanced-heading uagb-block-b7a51cc5\"><h2 class=\"uagb-heading-text\">Jasmin Reiter<\/h2><\/div>\n\n\n\n<p>Jasmin lernte ich auch genauso wie Anika kennen. Durch viele gemeinsame Schulevents wurden wir immer bessere Freunde und sind nun auch unzertrennlich. Sie sieht nicht nur so aus als k\u00f6nnte sie keiner Fliege etwas antun, sondern sie ist auch genauso. Stehts hilfsbereit und lieb zu allen und l\u00e4sst einen nie im Stich.<\/p>\n<\/div>\n<\/div><\/div>\n\n\n\n<div class=\"wp-block-uagb-container uagb-block-d4e8b967 alignfull uagb-is-root-container\"><div class=\"uagb-container-inner-blocks-wrap\">\n<div class=\"wp-block-uagb-container uagb-block-6eaba2ab\">\n<figure class=\"wp-block-image aligncenter size-large is-resized has-custom-border animated fadeInLeft is-style-default imgCenter fast\"><img loading=\"lazy\" decoding=\"async\" width=\"768\" height=\"1024\" src=\"https:\/\/moeseneder-lena.web.kslinz.at\/eigene_website\/wp-content\/uploads\/2024\/03\/IMG-20240224-WA0003-768x1024.jpg\" alt=\"\" class=\"wp-image-152\" style=\"border-style:none;border-width:0px;border-radius:0px;aspect-ratio:1;object-fit:cover;width:364px;height:auto\" srcset=\"https:\/\/moeseneder-lena.web.kslinz.at\/eigene_website\/wp-content\/uploads\/2024\/03\/IMG-20240224-WA0003-768x1024.jpg 768w, https:\/\/moeseneder-lena.web.kslinz.at\/eigene_website\/wp-content\/uploads\/2024\/03\/IMG-20240224-WA0003-225x300.jpg 225w, https:\/\/moeseneder-lena.web.kslinz.at\/eigene_website\/wp-content\/uploads\/2024\/03\/IMG-20240224-WA0003-1152x1536.jpg 1152w, https:\/\/moeseneder-lena.web.kslinz.at\/eigene_website\/wp-content\/uploads\/2024\/03\/IMG-20240224-WA0003.jpg 1200w\" sizes=\"auto, (max-width: 768px) 100vw, 768px\" \/><\/figure>\n<\/div>\n\n\n\n<div class=\"wp-block-uagb-container animated fadeInRight uagb-block-39043ccc\">\n<div class=\"wp-block-uagb-advanced-heading uagb-block-9ddbe395\"><h2 class=\"uagb-heading-text\">Angelina Gschwandtner<\/h2><\/div>\n\n\n\n<p>Angelina lernte ich erst vor gar nicht so langer Zeit kennen. Ich traf sie erst auf der Welser Comic con als ich mich Emma anschlie\u00dfen wollte nachdem ich von meiner eigentlichen Begleitung im Stich gelassen wurde. Sie ist unglaublich unterhaltsam und wird so gut wie nie traurig. Sie heitert einen immer auf. Such a wholesome person &lt;3<\/p>\n<\/div>\n<\/div><\/div>\n\n\n\n<div class=\"wp-block-uagb-container uagb-block-1d6448dc alignfull uagb-is-root-container\"><div class=\"uagb-container-inner-blocks-wrap\">\n<div class=\"wp-block-uagb-container uagb-block-5ea35027\">\n<figure class=\"wp-block-image aligncenter size-large is-resized has-custom-border animated fadeInLeft is-style-default imgCenter fast\"><img loading=\"lazy\" decoding=\"async\" width=\"1024\" height=\"768\" src=\"https:\/\/moeseneder-lena.web.kslinz.at\/eigene_website\/wp-content\/uploads\/2024\/04\/rn_image_picker_lib_temp_5b4ff11a-3b63-4296-8327-4d3c18052b8a-1024x768.jpg\" alt=\"\" class=\"wp-image-237\" style=\"border-style:none;border-width:0px;border-radius:0px;aspect-ratio:1;object-fit:cover;width:364px;height:auto\" srcset=\"https:\/\/moeseneder-lena.web.kslinz.at\/eigene_website\/wp-content\/uploads\/2024\/04\/rn_image_picker_lib_temp_5b4ff11a-3b63-4296-8327-4d3c18052b8a-1024x768.jpg 1024w, https:\/\/moeseneder-lena.web.kslinz.at\/eigene_website\/wp-content\/uploads\/2024\/04\/rn_image_picker_lib_temp_5b4ff11a-3b63-4296-8327-4d3c18052b8a-300x225.jpg 300w, https:\/\/moeseneder-lena.web.kslinz.at\/eigene_website\/wp-content\/uploads\/2024\/04\/rn_image_picker_lib_temp_5b4ff11a-3b63-4296-8327-4d3c18052b8a-768x576.jpg 768w, https:\/\/moeseneder-lena.web.kslinz.at\/eigene_website\/wp-content\/uploads\/2024\/04\/rn_image_picker_lib_temp_5b4ff11a-3b63-4296-8327-4d3c18052b8a-1536x1152.jpg 1536w, https:\/\/moeseneder-lena.web.kslinz.at\/eigene_website\/wp-content\/uploads\/2024\/04\/rn_image_picker_lib_temp_5b4ff11a-3b63-4296-8327-4d3c18052b8a-2048x1536.jpg 2048w\" sizes=\"auto, (max-width: 1024px) 100vw, 1024px\" \/><\/figure>\n<\/div>\n\n\n\n<div class=\"wp-block-uagb-container animated fadeInRight uagb-block-8f8bb131\">\n<div class=\"wp-block-uagb-advanced-heading uagb-block-208b1826\"><h2 class=\"uagb-heading-text\">Philip Paradzikovic<\/h2><\/div>\n\n\n\n<p>Ihn kenne ich schon seit ungef\u00e4hr 3 oder 4 Jahren. So richtig gute Freunde wurden wir, als wir erfahren haben, dass wir sehr nahe zueinander wohnen. Wir trafen uns oft und st\u00e4rkten so unsere Freundschaft. Nun sind wir unzertrennlich, lernen von einander und nichts und niemand kann unser Band zerst\u00f6ren.<\/p>\n<\/div>\n<\/div><\/div>\n\n\n\n<div class=\"wp-block-uagb-container uagb-block-734f8940 alignfull uagb-is-root-container\"><div class=\"uagb-container-inner-blocks-wrap\">\n<div class=\"wp-block-uagb-container uagb-block-78d0feca\">\n<figure class=\"wp-block-image aligncenter size-large is-resized has-custom-border animated fadeInLeft is-style-default imgCenter fast\"><img loading=\"lazy\" decoding=\"async\" width=\"768\" height=\"1024\" src=\"https:\/\/moeseneder-lena.web.kslinz.at\/eigene_website\/wp-content\/uploads\/2024\/03\/20230801_182539-768x1024.jpg\" alt=\"\" class=\"wp-image-157\" style=\"border-style:none;border-width:0px;border-radius:0px;aspect-ratio:1;object-fit:cover;width:364px;height:auto\" srcset=\"https:\/\/moeseneder-lena.web.kslinz.at\/eigene_website\/wp-content\/uploads\/2024\/03\/20230801_182539-768x1024.jpg 768w, https:\/\/moeseneder-lena.web.kslinz.at\/eigene_website\/wp-content\/uploads\/2024\/03\/20230801_182539-225x300.jpg 225w, https:\/\/moeseneder-lena.web.kslinz.at\/eigene_website\/wp-content\/uploads\/2024\/03\/20230801_182539-1152x1536.jpg 1152w, https:\/\/moeseneder-lena.web.kslinz.at\/eigene_website\/wp-content\/uploads\/2024\/03\/20230801_182539-1536x2048.jpg 1536w, https:\/\/moeseneder-lena.web.kslinz.at\/eigene_website\/wp-content\/uploads\/2024\/03\/20230801_182539-scaled.jpg 1920w\" sizes=\"auto, (max-width: 768px) 100vw, 768px\" \/><\/figure>\n<\/div>\n\n\n\n<div class=\"wp-block-uagb-container animated fadeInRight uagb-block-5b3be80b\">\n<div class=\"wp-block-uagb-advanced-heading uagb-block-472766bb\"><h2 class=\"uagb-heading-text\">Yoshi Scherg<\/h2><\/div>\n\n\n\n<p>Eines Tages beschloss ich bei ein paar alten Freunden nachzuschauen, die zogen mich dann mit rein in eine Gruppe in der ich noch viele andere kennen lernte. Unter anderem auch Yoshi. Mit unseren Interessen wurden wir innerhalb von k\u00fcrzester Zeit gute Freunde. Er ist die Unschuldigkeit in Person und ein sehr verst\u00e4ndnisvoller Mensch.<\/p>\n<\/div>\n<\/div><\/div>\n\n\n\n<div class=\"wp-block-uagb-container uagb-block-55dc9b5f alignfull uagb-is-root-container\"><div class=\"uagb-container-inner-blocks-wrap\">\n<div class=\"wp-block-uagb-container uagb-block-328db19c\">\n<figure class=\"wp-block-image aligncenter size-large is-resized has-custom-border animated fadeInLeft is-style-default imgCenter fast\"><img loading=\"lazy\" decoding=\"async\" width=\"768\" height=\"1024\" src=\"https:\/\/moeseneder-lena.web.kslinz.at\/eigene_website\/wp-content\/uploads\/2024\/03\/IMG-20240307-WA0018-768x1024.jpg\" alt=\"\" class=\"wp-image-162\" style=\"border-style:none;border-width:0px;border-radius:0px;aspect-ratio:1;object-fit:cover;width:364px;height:auto\" srcset=\"https:\/\/moeseneder-lena.web.kslinz.at\/eigene_website\/wp-content\/uploads\/2024\/03\/IMG-20240307-WA0018-768x1024.jpg 768w, https:\/\/moeseneder-lena.web.kslinz.at\/eigene_website\/wp-content\/uploads\/2024\/03\/IMG-20240307-WA0018-225x300.jpg 225w, https:\/\/moeseneder-lena.web.kslinz.at\/eigene_website\/wp-content\/uploads\/2024\/03\/IMG-20240307-WA0018-1152x1536.jpg 1152w, https:\/\/moeseneder-lena.web.kslinz.at\/eigene_website\/wp-content\/uploads\/2024\/03\/IMG-20240307-WA0018.jpg 1536w\" sizes=\"auto, (max-width: 768px) 100vw, 768px\" \/><\/figure>\n<\/div>\n\n\n\n<div class=\"wp-block-uagb-container animated fadeInRight uagb-block-28676020\">\n<div class=\"wp-block-uagb-advanced-heading uagb-block-8aa22e24\"><h2 class=\"uagb-heading-text\">Max Joszt<\/h2><\/div>\n\n\n\n<p>Ich lernte ihn auf genau die selbe Art und Weise kennen wie Yoshi. (Das Bild ist aber schon einige Jahre her, da er kein aktuelleres hatte.) Er ist f\u00fcr jeden Spa\u00df zu haben und l\u00e4sst sich genau so wenig runterkriegen. Noch dazu macht er sich immer tolle Herausforderungen, die nur so zeigen was f\u00fcr eine Willenskraft er hat.<\/p>\n<\/div>\n<\/div><\/div>\n\n\n\n<div class=\"wp-block-uagb-container uagb-block-8f43c9f0 alignfull uagb-is-root-container\"><div class=\"uagb-container-inner-blocks-wrap\">\n<div class=\"wp-block-uagb-container uagb-block-1fb30699\">\n<figure class=\"wp-block-image aligncenter size-medium is-resized has-custom-border animated fadeInLeft is-style-default imgCenter fast\"><img loading=\"lazy\" decoding=\"async\" width=\"300\" height=\"300\" src=\"https:\/\/moeseneder-lena.web.kslinz.at\/eigene_website\/wp-content\/uploads\/2024\/03\/IMG_2309-300x300.jpg\" alt=\"\" class=\"wp-image-153\" style=\"border-style:none;border-width:0px;border-radius:0px;aspect-ratio:1;object-fit:cover;width:364px;height:auto\" srcset=\"https:\/\/moeseneder-lena.web.kslinz.at\/eigene_website\/wp-content\/uploads\/2024\/03\/IMG_2309-300x300.jpg 300w, https:\/\/moeseneder-lena.web.kslinz.at\/eigene_website\/wp-content\/uploads\/2024\/03\/IMG_2309-150x150.jpg 150w, https:\/\/moeseneder-lena.web.kslinz.at\/eigene_website\/wp-content\/uploads\/2024\/03\/IMG_2309.jpg 742w\" sizes=\"auto, (max-width: 300px) 100vw, 300px\" \/><\/figure>\n<\/div>\n\n\n\n<div class=\"wp-block-uagb-container animated fadeInRight uagb-block-d8adc3d4\">\n<div class=\"wp-block-uagb-advanced-heading uagb-block-8384c904\"><h2 class=\"uagb-heading-text\">Luis Kn\u00f6dler<\/h2><\/div>\n\n\n\n<p>Ihn lernte ich erst kennen, als er nach 2 Jahren zur\u00fcck in die Freundesgruppe kam. Er ist ein sehr beneidenswertiger D&amp;D Spieler, mit sehr guten Humor. Doch vor allem stechen seine Super Smash Bros Ultimate K\u00fcnste heraus. (Der macht mich immer fertig). Auch er w\u00fcrde niemandem was antun und ist eine sehr liebenswerte Person.<\/p>\n<\/div>\n<\/div><\/div>\n\n\n\n<p class=\"o-typing-fast\">#ILoveMyFriends &lt;3<\/p>\n","protected":false},"excerpt":{"rendered":"<p>Valentina Scalet Kennengelernt in der Mittelschule und Freunde geworden durch unser erneutes Zusammenfinden in der HLW. Gemeinsam gehen wir durch Dick und D\u00fcnn, durch Trauer und Freude und durch gute Zeiten und schlechte Zeiten. Trotz allem, motiviert Sie einen immer und immer wieder und die Freude mit ihr ist grenzenlos. Emma Zimprich Anfang des Schuljahres [&hellip;]<\/p>\n","protected":false},"author":1,"featured_media":0,"parent":0,"menu_order":0,"comment_status":"closed","ping_status":"closed","template":"","meta":{"_uag_custom_page_level_css":"","footnotes":""},"class_list":["post-130","page","type-page","status-publish","hentry"],"uagb_featured_image_src":{"full":false,"thumbnail":false,"medium":false,"medium_large":false,"large":false,"1536x1536":false,"2048x2048":false},"uagb_author_info":{"display_name":"admin","author_link":"https:\/\/moeseneder-lena.web.kslinz.at\/eigene_website\/index.php\/author\/v8lena_rxm23t80\/"},"uagb_comment_info":0,"uagb_excerpt":"Valentina Scalet Kennengelernt in der Mittelschule und Freunde geworden durch unser erneutes Zusammenfinden in der HLW. Gemeinsam gehen wir durch Dick und D\u00fcnn, durch Trauer und Freude und durch gute Zeiten und schlechte Zeiten. Trotz allem, motiviert Sie einen immer und immer wieder und die Freude mit ihr ist grenzenlos. Emma Zimprich Anfang des Schuljahres&hellip;","_links":{"self":[{"href":"https:\/\/moeseneder-lena.web.kslinz.at\/eigene_website\/index.php\/wp-json\/wp\/v2\/pages\/130","targetHints":{"allow":["GET"]}}],"collection":[{"href":"https:\/\/moeseneder-lena.web.kslinz.at\/eigene_website\/index.php\/wp-json\/wp\/v2\/pages"}],"about":[{"href":"https:\/\/moeseneder-lena.web.kslinz.at\/eigene_website\/index.php\/wp-json\/wp\/v2\/types\/page"}],"author":[{"embeddable":true,"href":"https:\/\/moeseneder-lena.web.kslinz.at\/eigene_website\/index.php\/wp-json\/wp\/v2\/users\/1"}],"replies":[{"embeddable":true,"href":"https:\/\/moeseneder-lena.web.kslinz.at\/eigene_website\/index.php\/wp-json\/wp\/v2\/comments?post=130"}],"version-history":[{"count":31,"href":"https:\/\/moeseneder-lena.web.kslinz.at\/eigene_website\/index.php\/wp-json\/wp\/v2\/pages\/130\/revisions"}],"predecessor-version":[{"id":353,"href":"https:\/\/moeseneder-lena.web.kslinz.at\/eigene_website\/index.php\/wp-json\/wp\/v2\/pages\/130\/revisions\/353"}],"wp:attachment":[{"href":"https:\/\/moeseneder-lena.web.kslinz.at\/eigene_website\/index.php\/wp-json\/wp\/v2\/media?parent=130"}],"curies":[{"name":"wp","href":"https:\/\/api.w.org\/{rel}","templated":true}]}}